{"id":4,"date":"2022-01-06T09:21:56","date_gmt":"2022-01-06T08:21:56","guid":{"rendered":"https:\/\/atelieralaiseensoimeme.live-website.com\/bienvenue-sur-https-atelieralaiseensoimeme-live-website-com"},"modified":"2022-03-21T12:00:11","modified_gmt":"2022-03-21T11:00:11","slug":"bienvenue-sur-https-atelieralaiseensoimeme-jcbl-fr","status":"publish","type":"page","link":"https:\/\/atelieralaiseensoimeme.jcbl.fr\/","title":{"rendered":"ATELIER A L&rsquo;AISE EN SOI-MEME"},"content":{"rendered":"\n<p class=\"has-accent-color has-text-color has-large-font-size\"><strong>Le site de l&rsquo;Atelier \u00e0 l&rsquo;aise en soi-m\u00eame est actuellement ferm\u00e9.<\/strong><\/p>\n\n\n\n<p class=\"has-accent-color has-text-color has-large-font-size\"><strong>Aucune prise de rendez-vous n&rsquo;est possible.<\/strong><\/p>\n\n\n\n<p class=\"has-large-font-size\"><span style=\"color:#cd2653\" class=\"tadv-color\"><strong>D\u00e8s sa remise en fonctionnement, toutes les fonctionnalit\u00e9s seront \u00e0 nouveau accessibles.<\/strong><\/span><\/p>\n\n\n\n<h2 class=\"has-text-align-center wp-block-heading\" id=\"bienvenue-sur-le-site\" style=\"font-size:64px\">Bienvenue sur le site<\/h2>\n\n\n\n<figure class=\"wp-block-image size-full is-resized\"><img loading=\"lazy\" decoding=\"async\" src=\"https:\/\/atelieralaiseensoimeme.jcbl.fr\/wp-content\/uploads\/2022\/01\/40380018_mOptimized.jpg\" alt=\"\" class=\"wp-image-124\" width=\"810\" height=\"500\"\/><figcaption>Les Fleurs de cerisier symbolisent  le renouveau, l&rsquo;\u00e9volution, la joie, la r\u00e9ussite, la beaut\u00e9 et l&rsquo;amour de la vie. <\/figcaption><\/figure>\n\n\n\n<p>Un atelier est un lieu o\u00f9 l&rsquo;on vient exp\u00e9rimenter, s&rsquo;exercer, construire, cr\u00e9er, r\u00e9parer, transformer, r\u00e9aliser&#8230; C&rsquo;est un lieu o\u00f9 l&rsquo;on se \u00ab\u00a0retrousse les manches\u00a0\u00bb pour se mettre au travail. <\/p>\n\n\n\n<p>L\u2019atelier \u00ab\u00a0\u00c0 l\u2019aise en soi-m\u00eame\u00a0\u00bb est une <strong>structure d\u2019auto-formation<\/strong>, <em>accompagn\u00e9e par <a href=\"https:\/\/atelieralaiseensoimeme.jcbl.fr\/?page_id=38\">Christiane Bopp-Limoge<\/a><\/em>. <\/p>\n\n\n\n<p class=\"has-text-align-left\">Vous venez y faire de l&rsquo;autoformation \u00e0 trouver l&rsquo;acc\u00e8s \u00e0 vos ressources en cas de difficult\u00e9s. Vous venez acqu\u00e9rir un savoir-faire pour gagner en stabilit\u00e9. Pour cela vous venez <a href=\"https:\/\/atelieralaiseensoimeme.jcbl.fr\/?page_id=619\">exp\u00e9rimenter<\/a> comment vous mettre \u00e0 l\u2019aise, en confiance, en s\u00e9curit\u00e9, \u00e0 l\u2019int\u00e9rieur de vous, dans diff\u00e9rents aspects de votre vie. <\/p>\n\n\n\n<p class=\"has-text-align-left\">Autrement dit, vous venez \u00e0 l&rsquo;atelier pour votre auto-formation \u00e0 d\u00e9velopper vos comp\u00e9tences et entra\u00eener votre \u00e9quilibre, pour que vous puissiez garder vos moyens, m\u00eame en situation difficile, en activant vos ressources. Nous avons tous des ressources pour faire face aux situations difficiles. Mais en situation de stress, il peut arriver que nous perdions nos moyens, alors, l&rsquo;acc\u00e8s aux ressources est impraticable pendant un moment, plus ou moins long. <\/p>\n\n\n\n<p>Quand vous \u00eates <a href=\"https:\/\/atelieralaiseensoimeme.jcbl.fr\/?page_id=29\">\u00e0 l&rsquo;aise en vous-m\u00eame<\/a>, vous avez acc\u00e8s \u00e0 vos ressources, alors, vous gardez vos moyens en situation stressante. C&rsquo;est cela qui vous permet de faire face \u00e0 la situation de mani\u00e8re adapt\u00e9e. Avec de l&rsquo;entra\u00eenement, vous devenez capable de faire face par vous-m\u00eame \u00e0 davantage de situations.  Alors, vous mettre <a href=\"https:\/\/atelieralaiseensoimeme.jcbl.fr\/?page_id=29\">\u00e0 l&rsquo;aise en vous-m\u00eame<\/a> d\u00e9veloppe aussi votre <a href=\"https:\/\/atelieralaiseensoimeme.jcbl.fr\/?page_id=29\">autonomie<\/a>. <\/p>\n\n\n\n<p>Puis, progressivement, vous devenez capable d\u2019activer vous-m\u00eame votre potentiel qui sommeille pour aller plus loin : parler, agir, cr\u00e9er, vous r\u00e9parer, d\u00e9cider, vous positionner, vivre, grandir, d\u00e9couvrir, vous recr\u00e9er, trouver de la force, oser \u00eatre vrai.e, aimer, inventer, vous all\u00e9ger, vous reconnecter, \u00eatre vous-m\u00eame, &#8230;<\/p>\n\n\n\n<p>Donc, vous mettre <a href=\"https:\/\/atelieralaiseensoimeme.jcbl.fr\/?page_id=29\">\u00e0 l&rsquo;aise en vous-m\u00eame<\/a> vous aide \u00e0 gagner en \u00e9panouissement. <\/p>\n\n\n\n<p>Ainsi nous cherchons \u00e0 prendre ensemble les moyens de rendre vos ressources plus facilement accessibles afin de construire un chemin vers un mieux-\u00eatre dans la relation \u00e0 soi, aux autres, et aux situations.<\/p>\n\n\n\n<p><strong><a href=\"https:\/\/atelieralaiseensoimeme.jcbl.fr\/?page_id=36\">Avertissement&nbsp;<\/a>: Christiane Bopp-Limoge vous re\u00e7oit \u00e0 l\u2019atelier<span style=\"color:#fff\" class=\"tadv-color\"> <mark><span style=\"background-color:#fff\" class=\"tadv-background-color\">en tant que formatrice<\/span><\/mark>,<\/span> hors m\u00e9decine, hors assurance maladie. Si vous avez besoin de conseils ou d\u2019un avis m\u00e9dical, demandez \u00e0 votre m\u00e9decin traitant.<\/strong><\/p>\n\n\n\n<p>Trouvez ici la description des <a href=\"https:\/\/atelieralaiseensoimeme.jcbl.fr\/?page_id=619\">ateliers<\/a> propos\u00e9s, les <a href=\"https:\/\/atelieralaiseensoimeme.jcbl.fr\/?page_id=245\">outils utilis\u00e9s<\/a>, les <a href=\"https:\/\/atelieralaiseensoimeme.jcbl.fr\/?page_id=619\">conditions pratiques<\/a> et les <a href=\"https:\/\/atelieralaiseensoimeme.jcbl.fr\/?page_id=32\">tarifs<\/a>, le <a href=\"https:\/\/atelieralaiseensoimeme.jcbl.fr\/?page_id=36\">cadre \u00e9thique<\/a>, et les <a data-type=\"page\" data-id=\"36\" href=\"https:\/\/atelieralaiseensoimeme.jcbl.fr\/cadre-ethique\"> <\/a><a href=\"https:\/\/atelieralaiseensoimeme.jcbl.fr\/?page_id=36\">mentions l\u00e9gales<\/a>, comment <a href=\"https:\/\/atelieralaiseensoimeme.jcbl.fr\/?page_id=39\">me contacter<\/a>, comment <a href=\"https:\/\/atelieralaiseensoimeme.jcbl.fr\/?page_id=34\">prendre rendez-vous<\/a>, et comment <a href=\"https:\/\/atelieralaiseensoimeme.jcbl.fr\/?page_id=31\">arriver \u00e0 l&rsquo; Atelier<\/a>. Et pour en savoir plus, trouvez ici <a href=\"https:\/\/atelieralaiseensoimeme.jcbl.fr\/?page_id=38\">mon CV<\/a>, la liste de <a href=\"https:\/\/atelieralaiseensoimeme.jcbl.fr\/?page_id=37\">mes publications<\/a>, une rubrique <a href=\"https:\/\/atelieralaiseensoimeme.jcbl.fr\/?page_id=29\">d\u00e9finitions- concepts<\/a> et des <a href=\"https:\/\/atelieralaiseensoimeme.jcbl.fr\/?page_id=35\">liens<\/a> utiles.<\/p>\n","protected":false},"excerpt":{"rendered":"<p>Le site de l&rsquo;Atelier \u00e0 l&rsquo;aise en soi-m\u00eame est actuellement ferm\u00e9. Aucune prise de rendez-vous n&rsquo;est possible. D\u00e8s sa remise en fonctionnement, toutes les fonctionnalit\u00e9s seront \u00e0 nouveau accessibles. Bienvenue sur le site Un atelier est un lieu o\u00f9 l&rsquo;on vient exp\u00e9rimenter, s&rsquo;exercer, construire, cr\u00e9er, r\u00e9parer, transformer, r\u00e9aliser&#8230; C&rsquo;est un lieu o\u00f9 l&rsquo;on se \u00ab\u00a0retrousse [&hellip;]<\/p>\n","protected":false},"author":1,"featured_media":0,"parent":0,"menu_order":0,"comment_status":"closed","ping_status":"closed","template":"templates\/template-full-width.php","meta":{"footnotes":""},"class_list":["post-4","page","type-page","status-publish","hentry"],"yoast_head":"<!-- This site is optimized with the Yoast SEO plugin v27.5 - https:\/\/yoast.com\/product\/yoast-seo-wordpress\/ -->\n<title>ATELIER A L&#039;AISE EN SOI-MEME - ATELIER A L AISE EN SOI MEME<\/title>\n<meta name=\"description\" content=\"Christiane BOPP-LIMOGE guide vos autoformations \u00e0 d\u00e9velopper vos comp\u00e9tences et entra\u00eener vos \u00e9quilibres. M\u00eame en situation difficile, gardez vos moyens en activant vos ressources.\" \/>\n<meta name=\"robots\" content=\"noindex, follow, max-snippet:-1, max-image-preview:large, max-video-preview:-1\" \/>\n<meta property=\"og:locale\" content=\"fr_FR\" \/>\n<meta property=\"og:type\" content=\"article\" \/>\n<meta property=\"og:title\" content=\"ATELIER A L&#039;AISE EN SOI-MEME - ATELIER A L AISE EN SOI MEME\" \/>\n<meta property=\"og:description\" content=\"Christiane BOPP-LIMOGE guide vos autoformations \u00e0 d\u00e9velopper vos comp\u00e9tences et entra\u00eener vos \u00e9quilibres. M\u00eame en situation difficile, gardez vos moyens en activant vos ressources.\" \/>\n<meta property=\"og:url\" content=\"https:\/\/atelieralaiseensoimeme.jcbl.fr\/\" \/>\n<meta property=\"og:site_name\" content=\"ATELIER A L AISE EN SOI MEME\" \/>\n<meta property=\"article:modified_time\" content=\"2022-03-21T11:00:11+00:00\" \/>\n<meta property=\"og:image\" content=\"https:\/\/atelieralaiseensoimeme.jcbl.fr\/wp-content\/uploads\/2022\/01\/40380018_mOptimized.jpg\" \/>\n<meta name=\"twitter:card\" content=\"summary_large_image\" \/>\n<meta name=\"twitter:label1\" content=\"Dur\u00e9e de lecture estim\u00e9e\" \/>\n\t<meta name=\"twitter:data1\" content=\"3 minutes\" \/>\n<script type=\"application\/ld+json\" class=\"yoast-schema-graph\">{\"@context\":\"https:\\\/\\\/schema.org\",\"@graph\":[{\"@type\":\"WebPage\",\"@id\":\"https:\\\/\\\/atelieralaiseensoimeme.jcbl.fr\\\/\",\"url\":\"https:\\\/\\\/atelieralaiseensoimeme.jcbl.fr\\\/\",\"name\":\"ATELIER A L'AISE EN SOI-MEME - ATELIER A L AISE EN SOI MEME\",\"isPartOf\":{\"@id\":\"https:\\\/\\\/atelieralaiseensoimeme.jcbl.fr\\\/#website\"},\"primaryImageOfPage\":{\"@id\":\"https:\\\/\\\/atelieralaiseensoimeme.jcbl.fr\\\/#primaryimage\"},\"image\":{\"@id\":\"https:\\\/\\\/atelieralaiseensoimeme.jcbl.fr\\\/#primaryimage\"},\"thumbnailUrl\":\"https:\\\/\\\/atelieralaiseensoimeme.jcbl.fr\\\/wp-content\\\/uploads\\\/2022\\\/01\\\/40380018_mOptimized.jpg\",\"datePublished\":\"2022-01-06T08:21:56+00:00\",\"dateModified\":\"2022-03-21T11:00:11+00:00\",\"description\":\"Christiane BOPP-LIMOGE guide vos autoformations \u00e0 d\u00e9velopper vos comp\u00e9tences et entra\u00eener vos \u00e9quilibres. M\u00eame en situation difficile, gardez vos moyens en activant vos ressources.\",\"breadcrumb\":{\"@id\":\"https:\\\/\\\/atelieralaiseensoimeme.jcbl.fr\\\/#breadcrumb\"},\"inLanguage\":\"fr-FR\",\"potentialAction\":[{\"@type\":\"ReadAction\",\"target\":[\"https:\\\/\\\/atelieralaiseensoimeme.jcbl.fr\\\/\"]}]},{\"@type\":\"ImageObject\",\"inLanguage\":\"fr-FR\",\"@id\":\"https:\\\/\\\/atelieralaiseensoimeme.jcbl.fr\\\/#primaryimage\",\"url\":\"https:\\\/\\\/atelieralaiseensoimeme.jcbl.fr\\\/wp-content\\\/uploads\\\/2022\\\/01\\\/40380018_mOptimized.jpg\",\"contentUrl\":\"https:\\\/\\\/atelieralaiseensoimeme.jcbl.fr\\\/wp-content\\\/uploads\\\/2022\\\/01\\\/40380018_mOptimized.jpg\",\"width\":775,\"height\":520,\"caption\":\"40380018 - cherry\"},{\"@type\":\"BreadcrumbList\",\"@id\":\"https:\\\/\\\/atelieralaiseensoimeme.jcbl.fr\\\/#breadcrumb\",\"itemListElement\":[{\"@type\":\"ListItem\",\"position\":1,\"name\":\"Accueil\",\"item\":\"https:\\\/\\\/atelieralaiseensoimeme.jcbl.fr\\\/\"},{\"@type\":\"ListItem\",\"position\":2,\"name\":\"ATELIER A L&#8217;AISE EN SOI-MEME\"}]},{\"@type\":\"WebSite\",\"@id\":\"https:\\\/\\\/atelieralaiseensoimeme.jcbl.fr\\\/#website\",\"url\":\"https:\\\/\\\/atelieralaiseensoimeme.jcbl.fr\\\/\",\"name\":\"ATELIER A L AISE EN SOI MEME\",\"description\":\"Comp\u00e9tences et \u00e9quilibres\",\"publisher\":{\"@id\":\"https:\\\/\\\/atelieralaiseensoimeme.jcbl.fr\\\/#organization\"},\"potentialAction\":[{\"@type\":\"SearchAction\",\"target\":{\"@type\":\"EntryPoint\",\"urlTemplate\":\"https:\\\/\\\/atelieralaiseensoimeme.jcbl.fr\\\/?s={search_term_string}\"},\"query-input\":{\"@type\":\"PropertyValueSpecification\",\"valueRequired\":true,\"valueName\":\"search_term_string\"}}],\"inLanguage\":\"fr-FR\"},{\"@type\":\"Organization\",\"@id\":\"https:\\\/\\\/atelieralaiseensoimeme.jcbl.fr\\\/#organization\",\"name\":\"ATELIER A L'AISE EN SOI-MEME\",\"url\":\"https:\\\/\\\/atelieralaiseensoimeme.jcbl.fr\\\/\",\"logo\":{\"@type\":\"ImageObject\",\"inLanguage\":\"fr-FR\",\"@id\":\"https:\\\/\\\/atelieralaiseensoimeme.jcbl.fr\\\/#\\\/schema\\\/logo\\\/image\\\/\",\"url\":\"https:\\\/\\\/atelieralaiseensoimeme.jcbl.fr\\\/wp-content\\\/uploads\\\/2022\\\/01\\\/cropped-40380018_mOptimized.jpg\",\"contentUrl\":\"https:\\\/\\\/atelieralaiseensoimeme.jcbl.fr\\\/wp-content\\\/uploads\\\/2022\\\/01\\\/cropped-40380018_mOptimized.jpg\",\"width\":512,\"height\":512,\"caption\":\"ATELIER A L'AISE EN SOI-MEME\"},\"image\":{\"@id\":\"https:\\\/\\\/atelieralaiseensoimeme.jcbl.fr\\\/#\\\/schema\\\/logo\\\/image\\\/\"}}]}<\/script>\n<!-- \/ Yoast SEO plugin. -->","yoast_head_json":{"title":"ATELIER A L'AISE EN SOI-MEME - ATELIER A L AISE EN SOI MEME","description":"Christiane BOPP-LIMOGE guide vos autoformations \u00e0 d\u00e9velopper vos comp\u00e9tences et entra\u00eener vos \u00e9quilibres. M\u00eame en situation difficile, gardez vos moyens en activant vos ressources.","robots":{"index":"noindex","follow":"follow","max-snippet":"max-snippet:-1","max-image-preview":"max-image-preview:large","max-video-preview":"max-video-preview:-1"},"og_locale":"fr_FR","og_type":"article","og_title":"ATELIER A L'AISE EN SOI-MEME - ATELIER A L AISE EN SOI MEME","og_description":"Christiane BOPP-LIMOGE guide vos autoformations \u00e0 d\u00e9velopper vos comp\u00e9tences et entra\u00eener vos \u00e9quilibres. M\u00eame en situation difficile, gardez vos moyens en activant vos ressources.","og_url":"https:\/\/atelieralaiseensoimeme.jcbl.fr\/","og_site_name":"ATELIER A L AISE EN SOI MEME","article_modified_time":"2022-03-21T11:00:11+00:00","og_image":[{"url":"https:\/\/atelieralaiseensoimeme.jcbl.fr\/wp-content\/uploads\/2022\/01\/40380018_mOptimized.jpg","type":"","width":"","height":""}],"twitter_card":"summary_large_image","twitter_misc":{"Dur\u00e9e de lecture estim\u00e9e":"3 minutes"},"schema":{"@context":"https:\/\/schema.org","@graph":[{"@type":"WebPage","@id":"https:\/\/atelieralaiseensoimeme.jcbl.fr\/","url":"https:\/\/atelieralaiseensoimeme.jcbl.fr\/","name":"ATELIER A L'AISE EN SOI-MEME - ATELIER A L AISE EN SOI MEME","isPartOf":{"@id":"https:\/\/atelieralaiseensoimeme.jcbl.fr\/#website"},"primaryImageOfPage":{"@id":"https:\/\/atelieralaiseensoimeme.jcbl.fr\/#primaryimage"},"image":{"@id":"https:\/\/atelieralaiseensoimeme.jcbl.fr\/#primaryimage"},"thumbnailUrl":"https:\/\/atelieralaiseensoimeme.jcbl.fr\/wp-content\/uploads\/2022\/01\/40380018_mOptimized.jpg","datePublished":"2022-01-06T08:21:56+00:00","dateModified":"2022-03-21T11:00:11+00:00","description":"Christiane BOPP-LIMOGE guide vos autoformations \u00e0 d\u00e9velopper vos comp\u00e9tences et entra\u00eener vos \u00e9quilibres. M\u00eame en situation difficile, gardez vos moyens en activant vos ressources.","breadcrumb":{"@id":"https:\/\/atelieralaiseensoimeme.jcbl.fr\/#breadcrumb"},"inLanguage":"fr-FR","potentialAction":[{"@type":"ReadAction","target":["https:\/\/atelieralaiseensoimeme.jcbl.fr\/"]}]},{"@type":"ImageObject","inLanguage":"fr-FR","@id":"https:\/\/atelieralaiseensoimeme.jcbl.fr\/#primaryimage","url":"https:\/\/atelieralaiseensoimeme.jcbl.fr\/wp-content\/uploads\/2022\/01\/40380018_mOptimized.jpg","contentUrl":"https:\/\/atelieralaiseensoimeme.jcbl.fr\/wp-content\/uploads\/2022\/01\/40380018_mOptimized.jpg","width":775,"height":520,"caption":"40380018 - cherry"},{"@type":"BreadcrumbList","@id":"https:\/\/atelieralaiseensoimeme.jcbl.fr\/#breadcrumb","itemListElement":[{"@type":"ListItem","position":1,"name":"Accueil","item":"https:\/\/atelieralaiseensoimeme.jcbl.fr\/"},{"@type":"ListItem","position":2,"name":"ATELIER A L&#8217;AISE EN SOI-MEME"}]},{"@type":"WebSite","@id":"https:\/\/atelieralaiseensoimeme.jcbl.fr\/#website","url":"https:\/\/atelieralaiseensoimeme.jcbl.fr\/","name":"ATELIER A L AISE EN SOI MEME","description":"Comp\u00e9tences et \u00e9quilibres","publisher":{"@id":"https:\/\/atelieralaiseensoimeme.jcbl.fr\/#organization"},"potentialAction":[{"@type":"SearchAction","target":{"@type":"EntryPoint","urlTemplate":"https:\/\/atelieralaiseensoimeme.jcbl.fr\/?s={search_term_string}"},"query-input":{"@type":"PropertyValueSpecification","valueRequired":true,"valueName":"search_term_string"}}],"inLanguage":"fr-FR"},{"@type":"Organization","@id":"https:\/\/atelieralaiseensoimeme.jcbl.fr\/#organization","name":"ATELIER A L'AISE EN SOI-MEME","url":"https:\/\/atelieralaiseensoimeme.jcbl.fr\/","logo":{"@type":"ImageObject","inLanguage":"fr-FR","@id":"https:\/\/atelieralaiseensoimeme.jcbl.fr\/#\/schema\/logo\/image\/","url":"https:\/\/atelieralaiseensoimeme.jcbl.fr\/wp-content\/uploads\/2022\/01\/cropped-40380018_mOptimized.jpg","contentUrl":"https:\/\/atelieralaiseensoimeme.jcbl.fr\/wp-content\/uploads\/2022\/01\/cropped-40380018_mOptimized.jpg","width":512,"height":512,"caption":"ATELIER A L'AISE EN SOI-MEME"},"image":{"@id":"https:\/\/atelieralaiseensoimeme.jcbl.fr\/#\/schema\/logo\/image\/"}}]}},"_links":{"self":[{"href":"https:\/\/atelieralaiseensoimeme.jcbl.fr\/index.php?rest_route=\/wp\/v2\/pages\/4","targetHints":{"allow":["GET"]}}],"collection":[{"href":"https:\/\/atelieralaiseensoimeme.jcbl.fr\/index.php?rest_route=\/wp\/v2\/pages"}],"about":[{"href":"https:\/\/atelieralaiseensoimeme.jcbl.fr\/index.php?rest_route=\/wp\/v2\/types\/page"}],"author":[{"embeddable":true,"href":"https:\/\/atelieralaiseensoimeme.jcbl.fr\/index.php?rest_route=\/wp\/v2\/users\/1"}],"replies":[{"embeddable":true,"href":"https:\/\/atelieralaiseensoimeme.jcbl.fr\/index.php?rest_route=%2Fwp%2Fv2%2Fcomments&post=4"}],"version-history":[{"count":57,"href":"https:\/\/atelieralaiseensoimeme.jcbl.fr\/index.php?rest_route=\/wp\/v2\/pages\/4\/revisions"}],"predecessor-version":[{"id":706,"href":"https:\/\/atelieralaiseensoimeme.jcbl.fr\/index.php?rest_route=\/wp\/v2\/pages\/4\/revisions\/706"}],"wp:attachment":[{"href":"https:\/\/atelieralaiseensoimeme.jcbl.fr\/index.php?rest_route=%2Fwp%2Fv2%2Fmedia&parent=4"}],"curies":[{"name":"wp","href":"https:\/\/api.w.org\/{rel}","templated":true}]}}