{"id":34,"date":"2022-01-06T13:55:09","date_gmt":"2022-01-06T13:55:09","guid":{"rendered":"https:\/\/atelieralaiseensoimeme.live-website.com\/?page_id=34"},"modified":"2022-03-21T19:05:24","modified_gmt":"2022-03-21T18:05:24","slug":"prise-de-rendez-vous","status":"publish","type":"page","link":"https:\/\/atelieralaiseensoimeme.jcbl.fr\/?page_id=34","title":{"rendered":"Prendre Rendez-Vous"},"content":{"rendered":"\n<p class=\"has-accent-color has-text-color has-large-font-size\"><strong>Le site est actuellement d\u00e9connect\u00e9 : aucun Rendez-vous ne peut \u00eatre fix\u00e9 pour l&rsquo;instant. Merci de comprendre cette situation, et cette mention dispara\u00eetra d\u00e8s que le site retrouvera son fonctionnement normal.<\/strong><\/p>\n\n\n\n<p>Les rendez-vous peuvent \u00eatre pris :<\/p>\n\n\n\n<ul class=\"wp-block-list\"><li>Par automate (pr\u00e9f\u00e9rentiel) : vous r\u00e9servez un cr\u00e9neau de 25 mn ou de 55 mn, pour venir seul.e, ou \u00e0 2, ou en groupe, ou en famille. Voyez ci-dessous.  <\/li><\/ul>\n\n\n\n<ul class=\"wp-block-list\"><li>Par t\u00e9l\u00e9phone : cliquez <a href=\"https:\/\/atelieralaiseensoimeme.jcbl.fr\/?page_id=39\">ici<\/a> pour trouver mon num\u00e9ro de t\u00e9l\u00e9phone.<\/li><\/ul>\n\n\n\n<ul class=\"wp-block-list\"><li>Prestations personnalis\u00e9es : cliquez <a href=\"https:\/\/atelieralaiseensoimeme.jcbl.fr\/?page_id=39\">ici<\/a> pour r\u00e9diger votre demande, et obtenir un devis.<\/li><\/ul>\n\n\n\n<p>Votre vigilance est attendue : Si vous changez d&rsquo;avis, ou devenez indisponible, <em>pr\u00e9venez-moi<\/em> par SMS ou message vocal sur <a href=\"https:\/\/atelieralaiseensoimeme.jcbl.fr\/?page_id=39\">mon t\u00e9l\u00e9phone<\/a>, ou par <a href=\"https:\/\/atelieralaiseensoimeme.jcbl.fr\/?page_id=39\">mail<\/a>. Une absence non excus\u00e9e \u00e0 un rendez-vous entra\u00eene le maintien de la facturation de ce rendez-vous.<\/p>\n\n\n\n<p>ATTENTION : Le formulaire ci-dessous ne demande <em>aucune validation de la prise de rendez-vous par SMS<\/em>. Si cette demande appara\u00eet, veuillez v\u00e9rifier si votre moteur de recherche ou votre ordinateur ont pu \u00eatre victimes d&rsquo;un piratage (hame\u00e7onnage, \u00ab\u00a0phishing\u00a0\u00bb) ou autre tentative malveillante. Ne donnez jamais d&rsquo;identifiant personnel <em>par SMS<\/em> dans le cadre de cette prise de rendez-vous. En cas de dysfonctionnement, merci d&rsquo;utiliser les indications des paragraphes pr\u00e9c\u00e9dents.<\/p>\n\n\n\n<p>Prise de rendez-vous automatis\u00e9e : <\/p>\n\n\n\n<div class=\"wp-block-columns\">&nbsp;<\/div>\n<p>&nbsp;<\/p>\n","protected":false},"excerpt":{"rendered":"<p>Le site est actuellement d\u00e9connect\u00e9 : aucun Rendez-vous ne peut \u00eatre fix\u00e9 pour l&rsquo;instant. Merci de comprendre cette situation, et cette mention dispara\u00eetra d\u00e8s que le site retrouvera son fonctionnement normal. Les rendez-vous peuvent \u00eatre pris : Par automate (pr\u00e9f\u00e9rentiel) : vous r\u00e9servez un cr\u00e9neau de 25 mn ou de 55 mn, pour venir seul.e, [&hellip;]<\/p>\n","protected":false},"author":1,"featured_media":0,"parent":0,"menu_order":0,"comment_status":"closed","ping_status":"closed","template":"","meta":{"footnotes":""},"class_list":["post-34","page","type-page","status-publish","hentry"],"yoast_head":"<!-- This site is optimized with the Yoast SEO plugin v27.5 - https:\/\/yoast.com\/product\/yoast-seo-wordpress\/ -->\n<title>Prendre Rendez-Vous - ATELIER A L AISE EN SOI MEME<\/title>\n<meta name=\"description\" content=\"Christiane BOPP-LIMOGE guide vos autoformations \u00e0 d\u00e9velopper vos comp\u00e9tences et entra\u00eener vos \u00e9quilibres. M\u00eame en situation difficile, gardez vos moyens en activant vos ressources.\" \/>\n<meta name=\"robots\" content=\"noindex, follow, max-snippet:-1, max-image-preview:large, max-video-preview:-1\" \/>\n<meta property=\"og:locale\" content=\"fr_FR\" \/>\n<meta property=\"og:type\" content=\"article\" \/>\n<meta property=\"og:title\" content=\"Prendre Rendez-Vous - ATELIER A L AISE EN SOI MEME\" \/>\n<meta property=\"og:description\" content=\"Christiane BOPP-LIMOGE guide vos autoformations \u00e0 d\u00e9velopper vos comp\u00e9tences et entra\u00eener vos \u00e9quilibres. M\u00eame en situation difficile, gardez vos moyens en activant vos ressources.\" \/>\n<meta property=\"og:url\" content=\"https:\/\/atelieralaiseensoimeme.jcbl.fr\/?page_id=34\" \/>\n<meta property=\"og:site_name\" content=\"ATELIER A L AISE EN SOI MEME\" \/>\n<meta property=\"article:modified_time\" content=\"2022-03-21T18:05:24+00:00\" \/>\n<meta name=\"twitter:card\" content=\"summary_large_image\" \/>\n<meta name=\"twitter:label1\" content=\"Dur\u00e9e de lecture estim\u00e9e\" \/>\n\t<meta name=\"twitter:data1\" content=\"2 minutes\" \/>\n<script type=\"application\/ld+json\" class=\"yoast-schema-graph\">{\"@context\":\"https:\\\/\\\/schema.org\",\"@graph\":[{\"@type\":\"WebPage\",\"@id\":\"https:\\\/\\\/atelieralaiseensoimeme.jcbl.fr\\\/?page_id=34\",\"url\":\"https:\\\/\\\/atelieralaiseensoimeme.jcbl.fr\\\/?page_id=34\",\"name\":\"Prendre Rendez-Vous - ATELIER A L AISE EN SOI MEME\",\"isPartOf\":{\"@id\":\"https:\\\/\\\/atelieralaiseensoimeme.jcbl.fr\\\/#website\"},\"datePublished\":\"2022-01-06T13:55:09+00:00\",\"dateModified\":\"2022-03-21T18:05:24+00:00\",\"description\":\"Christiane BOPP-LIMOGE guide vos autoformations \u00e0 d\u00e9velopper vos comp\u00e9tences et entra\u00eener vos \u00e9quilibres. M\u00eame en situation difficile, gardez vos moyens en activant vos ressources.\",\"breadcrumb\":{\"@id\":\"https:\\\/\\\/atelieralaiseensoimeme.jcbl.fr\\\/?page_id=34#breadcrumb\"},\"inLanguage\":\"fr-FR\",\"potentialAction\":[{\"@type\":\"ReadAction\",\"target\":[\"https:\\\/\\\/atelieralaiseensoimeme.jcbl.fr\\\/?page_id=34\"]}]},{\"@type\":\"BreadcrumbList\",\"@id\":\"https:\\\/\\\/atelieralaiseensoimeme.jcbl.fr\\\/?page_id=34#breadcrumb\",\"itemListElement\":[{\"@type\":\"ListItem\",\"position\":1,\"name\":\"Accueil\",\"item\":\"https:\\\/\\\/atelieralaiseensoimeme.jcbl.fr\\\/\"},{\"@type\":\"ListItem\",\"position\":2,\"name\":\"Prendre Rendez-Vous\"}]},{\"@type\":\"WebSite\",\"@id\":\"https:\\\/\\\/atelieralaiseensoimeme.jcbl.fr\\\/#website\",\"url\":\"https:\\\/\\\/atelieralaiseensoimeme.jcbl.fr\\\/\",\"name\":\"ATELIER A L AISE EN SOI MEME\",\"description\":\"Comp\u00e9tences et \u00e9quilibres\",\"publisher\":{\"@id\":\"https:\\\/\\\/atelieralaiseensoimeme.jcbl.fr\\\/#organization\"},\"potentialAction\":[{\"@type\":\"SearchAction\",\"target\":{\"@type\":\"EntryPoint\",\"urlTemplate\":\"https:\\\/\\\/atelieralaiseensoimeme.jcbl.fr\\\/?s={search_term_string}\"},\"query-input\":{\"@type\":\"PropertyValueSpecification\",\"valueRequired\":true,\"valueName\":\"search_term_string\"}}],\"inLanguage\":\"fr-FR\"},{\"@type\":\"Organization\",\"@id\":\"https:\\\/\\\/atelieralaiseensoimeme.jcbl.fr\\\/#organization\",\"name\":\"ATELIER A L'AISE EN SOI-MEME\",\"url\":\"https:\\\/\\\/atelieralaiseensoimeme.jcbl.fr\\\/\",\"logo\":{\"@type\":\"ImageObject\",\"inLanguage\":\"fr-FR\",\"@id\":\"https:\\\/\\\/atelieralaiseensoimeme.jcbl.fr\\\/#\\\/schema\\\/logo\\\/image\\\/\",\"url\":\"https:\\\/\\\/atelieralaiseensoimeme.jcbl.fr\\\/wp-content\\\/uploads\\\/2022\\\/01\\\/cropped-40380018_mOptimized.jpg\",\"contentUrl\":\"https:\\\/\\\/atelieralaiseensoimeme.jcbl.fr\\\/wp-content\\\/uploads\\\/2022\\\/01\\\/cropped-40380018_mOptimized.jpg\",\"width\":512,\"height\":512,\"caption\":\"ATELIER A L'AISE EN SOI-MEME\"},\"image\":{\"@id\":\"https:\\\/\\\/atelieralaiseensoimeme.jcbl.fr\\\/#\\\/schema\\\/logo\\\/image\\\/\"}}]}<\/script>\n<!-- \/ Yoast SEO plugin. -->","yoast_head_json":{"title":"Prendre Rendez-Vous - ATELIER A L AISE EN SOI MEME","description":"Christiane BOPP-LIMOGE guide vos autoformations \u00e0 d\u00e9velopper vos comp\u00e9tences et entra\u00eener vos \u00e9quilibres. M\u00eame en situation difficile, gardez vos moyens en activant vos ressources.","robots":{"index":"noindex","follow":"follow","max-snippet":"max-snippet:-1","max-image-preview":"max-image-preview:large","max-video-preview":"max-video-preview:-1"},"og_locale":"fr_FR","og_type":"article","og_title":"Prendre Rendez-Vous - ATELIER A L AISE EN SOI MEME","og_description":"Christiane BOPP-LIMOGE guide vos autoformations \u00e0 d\u00e9velopper vos comp\u00e9tences et entra\u00eener vos \u00e9quilibres. M\u00eame en situation difficile, gardez vos moyens en activant vos ressources.","og_url":"https:\/\/atelieralaiseensoimeme.jcbl.fr\/?page_id=34","og_site_name":"ATELIER A L AISE EN SOI MEME","article_modified_time":"2022-03-21T18:05:24+00:00","twitter_card":"summary_large_image","twitter_misc":{"Dur\u00e9e de lecture estim\u00e9e":"2 minutes"},"schema":{"@context":"https:\/\/schema.org","@graph":[{"@type":"WebPage","@id":"https:\/\/atelieralaiseensoimeme.jcbl.fr\/?page_id=34","url":"https:\/\/atelieralaiseensoimeme.jcbl.fr\/?page_id=34","name":"Prendre Rendez-Vous - ATELIER A L AISE EN SOI MEME","isPartOf":{"@id":"https:\/\/atelieralaiseensoimeme.jcbl.fr\/#website"},"datePublished":"2022-01-06T13:55:09+00:00","dateModified":"2022-03-21T18:05:24+00:00","description":"Christiane BOPP-LIMOGE guide vos autoformations \u00e0 d\u00e9velopper vos comp\u00e9tences et entra\u00eener vos \u00e9quilibres. M\u00eame en situation difficile, gardez vos moyens en activant vos ressources.","breadcrumb":{"@id":"https:\/\/atelieralaiseensoimeme.jcbl.fr\/?page_id=34#breadcrumb"},"inLanguage":"fr-FR","potentialAction":[{"@type":"ReadAction","target":["https:\/\/atelieralaiseensoimeme.jcbl.fr\/?page_id=34"]}]},{"@type":"BreadcrumbList","@id":"https:\/\/atelieralaiseensoimeme.jcbl.fr\/?page_id=34#breadcrumb","itemListElement":[{"@type":"ListItem","position":1,"name":"Accueil","item":"https:\/\/atelieralaiseensoimeme.jcbl.fr\/"},{"@type":"ListItem","position":2,"name":"Prendre Rendez-Vous"}]},{"@type":"WebSite","@id":"https:\/\/atelieralaiseensoimeme.jcbl.fr\/#website","url":"https:\/\/atelieralaiseensoimeme.jcbl.fr\/","name":"ATELIER A L AISE EN SOI MEME","description":"Comp\u00e9tences et \u00e9quilibres","publisher":{"@id":"https:\/\/atelieralaiseensoimeme.jcbl.fr\/#organization"},"potentialAction":[{"@type":"SearchAction","target":{"@type":"EntryPoint","urlTemplate":"https:\/\/atelieralaiseensoimeme.jcbl.fr\/?s={search_term_string}"},"query-input":{"@type":"PropertyValueSpecification","valueRequired":true,"valueName":"search_term_string"}}],"inLanguage":"fr-FR"},{"@type":"Organization","@id":"https:\/\/atelieralaiseensoimeme.jcbl.fr\/#organization","name":"ATELIER A L'AISE EN SOI-MEME","url":"https:\/\/atelieralaiseensoimeme.jcbl.fr\/","logo":{"@type":"ImageObject","inLanguage":"fr-FR","@id":"https:\/\/atelieralaiseensoimeme.jcbl.fr\/#\/schema\/logo\/image\/","url":"https:\/\/atelieralaiseensoimeme.jcbl.fr\/wp-content\/uploads\/2022\/01\/cropped-40380018_mOptimized.jpg","contentUrl":"https:\/\/atelieralaiseensoimeme.jcbl.fr\/wp-content\/uploads\/2022\/01\/cropped-40380018_mOptimized.jpg","width":512,"height":512,"caption":"ATELIER A L'AISE EN SOI-MEME"},"image":{"@id":"https:\/\/atelieralaiseensoimeme.jcbl.fr\/#\/schema\/logo\/image\/"}}]}},"_links":{"self":[{"href":"https:\/\/atelieralaiseensoimeme.jcbl.fr\/index.php?rest_route=\/wp\/v2\/pages\/34","targetHints":{"allow":["GET"]}}],"collection":[{"href":"https:\/\/atelieralaiseensoimeme.jcbl.fr\/index.php?rest_route=\/wp\/v2\/pages"}],"about":[{"href":"https:\/\/atelieralaiseensoimeme.jcbl.fr\/index.php?rest_route=\/wp\/v2\/types\/page"}],"author":[{"embeddable":true,"href":"https:\/\/atelieralaiseensoimeme.jcbl.fr\/index.php?rest_route=\/wp\/v2\/users\/1"}],"replies":[{"embeddable":true,"href":"https:\/\/atelieralaiseensoimeme.jcbl.fr\/index.php?rest_route=%2Fwp%2Fv2%2Fcomments&post=34"}],"version-history":[{"count":37,"href":"https:\/\/atelieralaiseensoimeme.jcbl.fr\/index.php?rest_route=\/wp\/v2\/pages\/34\/revisions"}],"predecessor-version":[{"id":711,"href":"https:\/\/atelieralaiseensoimeme.jcbl.fr\/index.php?rest_route=\/wp\/v2\/pages\/34\/revisions\/711"}],"wp:attachment":[{"href":"https:\/\/atelieralaiseensoimeme.jcbl.fr\/index.php?rest_route=%2Fwp%2Fv2%2Fmedia&parent=34"}],"curies":[{"name":"wp","href":"https:\/\/api.w.org\/{rel}","templated":true}]}}