{"id":245,"date":"2022-01-18T11:49:31","date_gmt":"2022-01-18T10:49:31","guid":{"rendered":"https:\/\/atelieralaiseensoimeme.live-website.com\/?page_id=245"},"modified":"2022-03-21T12:03:00","modified_gmt":"2022-03-21T11:03:00","slug":"outils-proposes","status":"publish","type":"page","link":"https:\/\/atelieralaiseensoimeme.jcbl.fr\/?page_id=245","title":{"rendered":"Outils"},"content":{"rendered":"\n<h2 class=\"wp-block-heading\" id=\"pour-reveiller-vos-ressources-faire-apparaitre-votre-potentiel-vous-entrainer-a-les-developper-a-les-utiliser-pour-vous-mettre-a-l-aise-en-vous-meme-ces-outils-pedagogiques-sont-proposes-pour-vous-accompagner-dans-votre-auto-formation\">Pour r\u00e9veiller vos ressources, faire appara\u00eetre votre potentiel, vous entra\u00eener \u00e0 les d\u00e9velopper, \u00e0 les utiliser, pour vous mettre \u00e0 l\u2019aise en vous-m\u00eame. Ces outils p\u00e9dagogiques sont propos\u00e9s pour vous accompagner dans votre auto-formation.<\/h2>\n\n\n\n<p>Le corps, la gestuelle, la posture, le mouvement, l\u2019immobilit\u00e9, la respiration, l\u2019\u00e9nergie qui circule. S\u2019installer confortablement<\/p>\n\n\n\n<p>La voix, les senteurs, la lumi\u00e8re, les sons, bols tib\u00e9tains, diapasons, tambours, l\u2019intuition<\/p>\n\n\n\n<p>La parole, l\u2019\u00e9coute, la pens\u00e9e syst\u00e9mique<\/p>\n\n\n\n<p>La p\u00e9dagogie positive, les formulations affirmatives, la zone proximale de d\u00e9veloppement (ZPE conceptualis\u00e9e par <a href=\"https:\/\/atelieralaiseensoimeme.jcbl.fr\/?page_id=29\">Lev Vygotsky<\/a>), les exp\u00e9riences d&rsquo;attachement secure (voir mon livre <a href=\"https:\/\/atelieralaiseensoimeme.jcbl.fr\/?page_id=37\">Accompagner les parentalit\u00e9s <\/a> pp 144 \u00e0 152.<\/p>\n\n\n\n<p>La coh\u00e9rence cardiaque<\/p>\n\n\n\n<p>L&rsquo;int\u00e9gration des r\u00e9flexes archa\u00efques et de posture par la gestuelle et l&rsquo;harmonisation globale <a href=\"https:\/\/www.reflexes.org\/\">https:\/\/www.reflexes.org\/<\/a> <a href=\"https:\/\/www.reflexes.org\/\">https:\/\/www.harmonisationglobale.com\/<\/a><\/p>\n\n\n\n<p>Des mantras, le dessin, le chant, les rythmes.<\/p>\n\n\n\n<p>Des sculpturations, des photo-langages, des m\u00e9taphores, des jeux de r\u00f4les, des mises en sc\u00e8ne, l\u2019imaginaire.<\/p>\n\n\n\n<p>Des apports th\u00e9oriques : ils sont utiles et font sens uniquement s\u2019ils d\u00e9bouchent sur des outils utilisables, des solutions faisables, des \u00e9l\u00e9ments \u00e0 exp\u00e9rimenter pour vous.<\/p>\n\n\n\n<p>La contemplation, la gratitude.<\/p>\n\n\n\n<p>Le test de r\u00e9ponse musculaire.<\/p>\n\n\n\n<p>S&rsquo;entra\u00eener : cela contribue \u00e0 d\u00e9velopper des connections neuronales qui deviennent au fil du temps pr\u00e9f\u00e9rentielles. Comment en observer les effets ? Au bout d&rsquo;un moment le comportement entra\u00een\u00e9 se met en route spontan\u00e9ment. Alors, il suffit de remonter chronologiquement un peu avant le d\u00e9clenchement, pour constater qu&rsquo;une petite perturbation \u00e9motionnelle avait eu lieu, que le comportement entra\u00een\u00e9 a permis de g\u00e9rer.  Cela commence en g\u00e9n\u00e9ral \u00e0 se remarquer au bout de 2 semaines d&rsquo;entrainement 2 fois par jour pendant quelques secondes \u00e0 quelques minutes.<\/p>\n\n\n\n<p>Rendre explicite l&rsquo;implicite<\/p>\n\n\n\n<p>Interactivit\u00e9<\/p>\n\n\n\n<p>Evaluation<\/p>\n\n\n\n<p>L&rsquo;int\u00e9gration m\u00e9morielle <a href=\"https:\/\/dimensions-energetiques.com\/\">https:\/\/dimensions-energetiques.com\/<\/a>.<\/p>\n\n\n\n<p>Autres outils : <a href=\"https:\/\/atelieralaiseensoimeme.jcbl.fr\/?page_id=35\">EFT<\/a>, <a href=\"https:\/\/atelieralaiseensoimeme.jcbl.fr\/?page_id=35\">EMDR<\/a>, <a href=\"https:\/\/atelieralaiseensoimeme.jcbl.fr\/?page_id=35\">HTSMA<\/a>, <a href=\"https:\/\/atelieralaiseensoimeme.jcbl.fr\/?page_id=35\">Harmonisation Globale<\/a>, <a href=\"https:\/\/atelieralaiseensoimeme.jcbl.fr\/?page_id=35\">Communication Connect\u00e9e<\/a>, <a href=\"https:\/\/atelieralaiseensoimeme.jcbl.fr\/?page_id=35\">Access Bars<\/a>, <a href=\"https:\/\/atelieralaiseensoimeme.jcbl.fr\/?page_id=35\">Brainspotting<\/a>, Qi Gong, Pleine conscience, D\u00e9veloppement de l&rsquo;Intention, IFS (Internal Family System) <a href=\"https:\/\/ifs-institute.com\/\">https:\/\/ifs-institute.com\/<\/a> <\/p>\n\n\n\n<p>Le PEB : voir <a href=\"https:\/\/atelieralaiseensoimeme.jcbl.fr\/?page_id=29\">ici<\/a><\/p>\n","protected":false},"excerpt":{"rendered":"<p>Pour r\u00e9veiller vos ressources, faire appara\u00eetre votre potentiel, vous entra\u00eener \u00e0 les d\u00e9velopper, \u00e0 les utiliser, pour vous mettre \u00e0 l\u2019aise en vous-m\u00eame. Ces outils p\u00e9dagogiques sont propos\u00e9s pour vous accompagner dans votre auto-formation. Le corps, la gestuelle, la posture, le mouvement, l\u2019immobilit\u00e9, la respiration, l\u2019\u00e9nergie qui circule. S\u2019installer confortablement La voix, les senteurs, la [&hellip;]<\/p>\n","protected":false},"author":1,"featured_media":0,"parent":0,"menu_order":0,"comment_status":"closed","ping_status":"closed","template":"","meta":{"footnotes":""},"class_list":["post-245","page","type-page","status-publish","hentry"],"yoast_head":"<!-- This site is optimized with the Yoast SEO plugin v27.5 - https:\/\/yoast.com\/product\/yoast-seo-wordpress\/ -->\n<title>Outils - ATELIER A L AISE EN SOI MEME<\/title>\n<meta name=\"description\" content=\"Pr\u00e9sentation d&#039;outils propos\u00e9s par Christiane BOPP-LIMOGE dans l&#039;Atelier \u00e0 l&#039;aise en soi-m\u00eame, pour assurer ses \u00e9quilibres et d\u00e9velopper ses comp\u00e9tences.\" \/>\n<meta name=\"robots\" content=\"noindex, follow, max-snippet:-1, max-image-preview:large, max-video-preview:-1\" \/>\n<meta property=\"og:locale\" content=\"fr_FR\" \/>\n<meta property=\"og:type\" content=\"article\" \/>\n<meta property=\"og:title\" content=\"Outils - ATELIER A L AISE EN SOI MEME\" \/>\n<meta property=\"og:description\" content=\"Pr\u00e9sentation d&#039;outils propos\u00e9s par Christiane BOPP-LIMOGE dans l&#039;Atelier \u00e0 l&#039;aise en soi-m\u00eame, pour assurer ses \u00e9quilibres et d\u00e9velopper ses comp\u00e9tences.\" \/>\n<meta property=\"og:url\" content=\"https:\/\/atelieralaiseensoimeme.jcbl.fr\/?page_id=245\" \/>\n<meta property=\"og:site_name\" content=\"ATELIER A L AISE EN SOI MEME\" \/>\n<meta property=\"article:modified_time\" content=\"2022-03-21T11:03:00+00:00\" \/>\n<meta name=\"twitter:card\" content=\"summary_large_image\" \/>\n<meta name=\"twitter:label1\" content=\"Dur\u00e9e de lecture estim\u00e9e\" \/>\n\t<meta name=\"twitter:data1\" content=\"2 minutes\" \/>\n<script type=\"application\/ld+json\" class=\"yoast-schema-graph\">{\"@context\":\"https:\\\/\\\/schema.org\",\"@graph\":[{\"@type\":\"WebPage\",\"@id\":\"https:\\\/\\\/atelieralaiseensoimeme.jcbl.fr\\\/?page_id=245\",\"url\":\"https:\\\/\\\/atelieralaiseensoimeme.jcbl.fr\\\/?page_id=245\",\"name\":\"Outils - ATELIER A L AISE EN SOI MEME\",\"isPartOf\":{\"@id\":\"https:\\\/\\\/atelieralaiseensoimeme.jcbl.fr\\\/#website\"},\"datePublished\":\"2022-01-18T10:49:31+00:00\",\"dateModified\":\"2022-03-21T11:03:00+00:00\",\"description\":\"Pr\u00e9sentation d'outils propos\u00e9s par Christiane BOPP-LIMOGE dans l'Atelier \u00e0 l'aise en soi-m\u00eame, pour assurer ses \u00e9quilibres et d\u00e9velopper ses comp\u00e9tences.\",\"breadcrumb\":{\"@id\":\"https:\\\/\\\/atelieralaiseensoimeme.jcbl.fr\\\/?page_id=245#breadcrumb\"},\"inLanguage\":\"fr-FR\",\"potentialAction\":[{\"@type\":\"ReadAction\",\"target\":[\"https:\\\/\\\/atelieralaiseensoimeme.jcbl.fr\\\/?page_id=245\"]}]},{\"@type\":\"BreadcrumbList\",\"@id\":\"https:\\\/\\\/atelieralaiseensoimeme.jcbl.fr\\\/?page_id=245#breadcrumb\",\"itemListElement\":[{\"@type\":\"ListItem\",\"position\":1,\"name\":\"Accueil\",\"item\":\"https:\\\/\\\/atelieralaiseensoimeme.jcbl.fr\\\/\"},{\"@type\":\"ListItem\",\"position\":2,\"name\":\"Outils\"}]},{\"@type\":\"WebSite\",\"@id\":\"https:\\\/\\\/atelieralaiseensoimeme.jcbl.fr\\\/#website\",\"url\":\"https:\\\/\\\/atelieralaiseensoimeme.jcbl.fr\\\/\",\"name\":\"ATELIER A L AISE EN SOI MEME\",\"description\":\"Comp\u00e9tences et \u00e9quilibres\",\"publisher\":{\"@id\":\"https:\\\/\\\/atelieralaiseensoimeme.jcbl.fr\\\/#organization\"},\"potentialAction\":[{\"@type\":\"SearchAction\",\"target\":{\"@type\":\"EntryPoint\",\"urlTemplate\":\"https:\\\/\\\/atelieralaiseensoimeme.jcbl.fr\\\/?s={search_term_string}\"},\"query-input\":{\"@type\":\"PropertyValueSpecification\",\"valueRequired\":true,\"valueName\":\"search_term_string\"}}],\"inLanguage\":\"fr-FR\"},{\"@type\":\"Organization\",\"@id\":\"https:\\\/\\\/atelieralaiseensoimeme.jcbl.fr\\\/#organization\",\"name\":\"ATELIER A L'AISE EN SOI-MEME\",\"url\":\"https:\\\/\\\/atelieralaiseensoimeme.jcbl.fr\\\/\",\"logo\":{\"@type\":\"ImageObject\",\"inLanguage\":\"fr-FR\",\"@id\":\"https:\\\/\\\/atelieralaiseensoimeme.jcbl.fr\\\/#\\\/schema\\\/logo\\\/image\\\/\",\"url\":\"https:\\\/\\\/atelieralaiseensoimeme.jcbl.fr\\\/wp-content\\\/uploads\\\/2022\\\/01\\\/cropped-40380018_mOptimized.jpg\",\"contentUrl\":\"https:\\\/\\\/atelieralaiseensoimeme.jcbl.fr\\\/wp-content\\\/uploads\\\/2022\\\/01\\\/cropped-40380018_mOptimized.jpg\",\"width\":512,\"height\":512,\"caption\":\"ATELIER A L'AISE EN SOI-MEME\"},\"image\":{\"@id\":\"https:\\\/\\\/atelieralaiseensoimeme.jcbl.fr\\\/#\\\/schema\\\/logo\\\/image\\\/\"}}]}<\/script>\n<!-- \/ Yoast SEO plugin. -->","yoast_head_json":{"title":"Outils - ATELIER A L AISE EN SOI MEME","description":"Pr\u00e9sentation d'outils propos\u00e9s par Christiane BOPP-LIMOGE dans l'Atelier \u00e0 l'aise en soi-m\u00eame, pour assurer ses \u00e9quilibres et d\u00e9velopper ses comp\u00e9tences.","robots":{"index":"noindex","follow":"follow","max-snippet":"max-snippet:-1","max-image-preview":"max-image-preview:large","max-video-preview":"max-video-preview:-1"},"og_locale":"fr_FR","og_type":"article","og_title":"Outils - ATELIER A L AISE EN SOI MEME","og_description":"Pr\u00e9sentation d'outils propos\u00e9s par Christiane BOPP-LIMOGE dans l'Atelier \u00e0 l'aise en soi-m\u00eame, pour assurer ses \u00e9quilibres et d\u00e9velopper ses comp\u00e9tences.","og_url":"https:\/\/atelieralaiseensoimeme.jcbl.fr\/?page_id=245","og_site_name":"ATELIER A L AISE EN SOI MEME","article_modified_time":"2022-03-21T11:03:00+00:00","twitter_card":"summary_large_image","twitter_misc":{"Dur\u00e9e de lecture estim\u00e9e":"2 minutes"},"schema":{"@context":"https:\/\/schema.org","@graph":[{"@type":"WebPage","@id":"https:\/\/atelieralaiseensoimeme.jcbl.fr\/?page_id=245","url":"https:\/\/atelieralaiseensoimeme.jcbl.fr\/?page_id=245","name":"Outils - ATELIER A L AISE EN SOI MEME","isPartOf":{"@id":"https:\/\/atelieralaiseensoimeme.jcbl.fr\/#website"},"datePublished":"2022-01-18T10:49:31+00:00","dateModified":"2022-03-21T11:03:00+00:00","description":"Pr\u00e9sentation d'outils propos\u00e9s par Christiane BOPP-LIMOGE dans l'Atelier \u00e0 l'aise en soi-m\u00eame, pour assurer ses \u00e9quilibres et d\u00e9velopper ses comp\u00e9tences.","breadcrumb":{"@id":"https:\/\/atelieralaiseensoimeme.jcbl.fr\/?page_id=245#breadcrumb"},"inLanguage":"fr-FR","potentialAction":[{"@type":"ReadAction","target":["https:\/\/atelieralaiseensoimeme.jcbl.fr\/?page_id=245"]}]},{"@type":"BreadcrumbList","@id":"https:\/\/atelieralaiseensoimeme.jcbl.fr\/?page_id=245#breadcrumb","itemListElement":[{"@type":"ListItem","position":1,"name":"Accueil","item":"https:\/\/atelieralaiseensoimeme.jcbl.fr\/"},{"@type":"ListItem","position":2,"name":"Outils"}]},{"@type":"WebSite","@id":"https:\/\/atelieralaiseensoimeme.jcbl.fr\/#website","url":"https:\/\/atelieralaiseensoimeme.jcbl.fr\/","name":"ATELIER A L AISE EN SOI MEME","description":"Comp\u00e9tences et \u00e9quilibres","publisher":{"@id":"https:\/\/atelieralaiseensoimeme.jcbl.fr\/#organization"},"potentialAction":[{"@type":"SearchAction","target":{"@type":"EntryPoint","urlTemplate":"https:\/\/atelieralaiseensoimeme.jcbl.fr\/?s={search_term_string}"},"query-input":{"@type":"PropertyValueSpecification","valueRequired":true,"valueName":"search_term_string"}}],"inLanguage":"fr-FR"},{"@type":"Organization","@id":"https:\/\/atelieralaiseensoimeme.jcbl.fr\/#organization","name":"ATELIER A L'AISE EN SOI-MEME","url":"https:\/\/atelieralaiseensoimeme.jcbl.fr\/","logo":{"@type":"ImageObject","inLanguage":"fr-FR","@id":"https:\/\/atelieralaiseensoimeme.jcbl.fr\/#\/schema\/logo\/image\/","url":"https:\/\/atelieralaiseensoimeme.jcbl.fr\/wp-content\/uploads\/2022\/01\/cropped-40380018_mOptimized.jpg","contentUrl":"https:\/\/atelieralaiseensoimeme.jcbl.fr\/wp-content\/uploads\/2022\/01\/cropped-40380018_mOptimized.jpg","width":512,"height":512,"caption":"ATELIER A L'AISE EN SOI-MEME"},"image":{"@id":"https:\/\/atelieralaiseensoimeme.jcbl.fr\/#\/schema\/logo\/image\/"}}]}},"_links":{"self":[{"href":"https:\/\/atelieralaiseensoimeme.jcbl.fr\/index.php?rest_route=\/wp\/v2\/pages\/245","targetHints":{"allow":["GET"]}}],"collection":[{"href":"https:\/\/atelieralaiseensoimeme.jcbl.fr\/index.php?rest_route=\/wp\/v2\/pages"}],"about":[{"href":"https:\/\/atelieralaiseensoimeme.jcbl.fr\/index.php?rest_route=\/wp\/v2\/types\/page"}],"author":[{"embeddable":true,"href":"https:\/\/atelieralaiseensoimeme.jcbl.fr\/index.php?rest_route=\/wp\/v2\/users\/1"}],"replies":[{"embeddable":true,"href":"https:\/\/atelieralaiseensoimeme.jcbl.fr\/index.php?rest_route=%2Fwp%2Fv2%2Fcomments&post=245"}],"version-history":[{"count":16,"href":"https:\/\/atelieralaiseensoimeme.jcbl.fr\/index.php?rest_route=\/wp\/v2\/pages\/245\/revisions"}],"predecessor-version":[{"id":646,"href":"https:\/\/atelieralaiseensoimeme.jcbl.fr\/index.php?rest_route=\/wp\/v2\/pages\/245\/revisions\/646"}],"wp:attachment":[{"href":"https:\/\/atelieralaiseensoimeme.jcbl.fr\/index.php?rest_route=%2Fwp%2Fv2%2Fmedia&parent=245"}],"curies":[{"name":"wp","href":"https:\/\/api.w.org\/{rel}","templated":true}]}}